-2
Let a(q) = 55 - 11 - 13 - 17 - 12*q - 12. Give a(-5).
62
Let x(y) = -5444*y + 2 - 4 + 5443*y. Determine x(-4).
2
Let o(t) = t**2 - 12*t + 2. Let z(w) = -11*w**2 + 48*w - 7. Let j(n) = 4*o(n) + z(n). What is j(-4)?
-111
Let b(d) = -d**3 - 2*d**2 + 5*d - 9. Let m be (-4)/(-2) + -1 - (-8 + 13). Let r be b(m). Let q(x) = -x**3 + 4*x**2 + x - 2. Calculate q(r).
10
Let s(c) = 36*c + c**3 - 15*c**2 + 209812044 - 209812044. Determine s(3).
0
Let u(b) be the third derivative of -b**4/4 + 26*b**3/3 + 243*b**2 - 2. Calculate u(15).
-38
Let o be (-1)/3 + 49/3 + 4. Let a(g) = 9*g + o + 6*g + 3*g - 16*g. Give a(-14).
-8
Let w(k) be the third derivative of k**4/8 - 3*k**3/2 - 13186*k**2. Suppose 0 = -z - 4*z - 5*i + 10, -4*z = i - 20. Calculate w(z).
9
Let v be (-1242)/(-299) - 8/52. Let f(w) = 30*w - 132. Calculate f(v).
-12
Let s(t) = -t**2 - 7*t - 1. Let r be (-320)/(-28) + 4 + 8/14. Suppose r*n + 10 = -70. Give s(n).
9
Let z(x) = x - 16. Let o = -59 - -62. Let f be (1248/(-117))/((-2)/o). What is z(f)?
0
Suppose 0 = -15*k + 29*k + 6*k + 100. Let o(a) = a**3 - 3*a**2 - 37*a + 6. What is o(k)?
-9
Let l(c) be the third derivative of c**4/12 + 7*c**3/6 - c**2. Let d be -6*(-21)/2 - 0/11. Suppose -7*v = -16*v - d. Determine l(v).
-7
Let b(y) be the third derivative of -11*y**6/30 + y**4/12 + y**3/6 - 124664*y**2. Let w be (-1)/(1/(1 + 0)). Determine b(w).
43
Let l(o) = -o - 22. Let c(h) = h + 14. Let k(j) = -8*c(j) - 5*l(j). Let y = -118 - -115. Give k(y).
7
Let h(c) = 2*c**3 + 2*c**2 + 5*c - 12. Let g be h(2). Let y(m) = -14*m**2 - 6*m**2 + g*m**2 - 5. Give y(4).
27
Suppose -5*z = 3*v + 2423 - 2363, -15 = 5*z. Let s(b) = 2*b**2 + 29*b - 35. Give s(v).
-20
Let u(t) = 2*t**2 - t - 5. Suppose -2*s - 2 = 3*a + 1, 0 = -5*s + 4*a - 42. Suppose 2*c = 5*m - c - 919, -c = m - 179. Let b be s/(-7)*m/39. What is u(b)?
23
Let d(t) = -t**2 + 7 - 8 + 3883*t - t**3 - 3881*t. Let x = -13 + 21. Let c be ((-2)/x)/((-1)/4). What is d(c)?
-1
Let b = 27913 - 27923. Let r(h) = 33*h + 324. Determine r(b).
-6
Let z(j) = 2*j - 8. Suppose 49 = 114*l - 119*l - 4*m, 5*l + 47 = -2*m. Give z(l).
-26
Let n(a) = a**3 + 6*a**2 + 4*a - 1. Suppose 0 = b + 4*b + 15. Let r be (b/(-2))/((-6)/16). Let v(l) = -2*l - 13. Let d be v(r). Calculate n(d).
4
Let o(a) = a**2 + 2*a - 2. Let f = -21 + 24. Let s be 4/f + (-12)/9. Suppose -2*b + 20 = -3*r, 4 = b - s*b. What is o(r)?
6
Suppose -4*b + 7 = -74*u + 73*u, 5*u + 3*b = -12. Let o be ((-7)/(-35) - u)/((-4)/(-10)). Let k(m) = -m**3 + 7*m**2 + 9*m + 3. What is k(o)?
11
Suppose 0 = j - 0 - 3. Let u(n) = 3 - n + 2*n - 12 - j. Let g(x) = -x**3 - 80*x**2 - 156*x. Let t be g(-78). What is u(t)?
-12
Let k(x) = -23*x**3 - 36*x**2 + 65*x - 92. Let u(v) = 31*v**3 + 38*v**2 - 67*v + 93. Let y(h) = -4*k(h) - 3*u(h). Calculate y(28).
5
Let o = 7125 - 7121. Let z(f) = f**2 + 3*f - 24. Give z(o).
4
Let m(j) = -j**2 - 3 + 2 + 1 - 3*j - 2. Let s(a) be the second derivative of -a**4/12 + 4*a**3/3 - 9*a**2/2 + 10*a. Let p be s(7). Give m(p).
0
Let r(k) = 2*k**2 + 8*k + 28 + 18 - 28 - 3*k**2. Let f = -11646 + 11656. What is r(f)?
-2
Let w(z) = z + 13. Suppose c + c - 68 = -5*k, -k - 3*c = -24. Suppose -k = 4*s - 4*y + 4, 0 = 5*s + y + 20. Calculate w(s).
9
Let t(v) = 2*v**2 + 2*v - 1. Let i(r) = 2*r**2 - r - 13*r - r + 5 - 15*r**2 + 2*r**2. Let p(y) = -i(y) - 6*t(y). Calculate p(7).
-27
Let y = 5782 - 5774. Let f(w) = -3*w - 1. What is f(y)?
-25
Let m(z) = z**3 - 10*z**2 + 7*z + 2. Let n(l) = -2*l**3 + 19*l**2 + 2*l + 24. Let g be n(9). Let y = 132 - g. Calculate m(y).
-16
Let r(d) = 9*d**3 - 53*d**2 - 3*d - 19. Let m be r(6). Let c = 5 + m. Let f(j) = -j. Determine f(c).
-4
Let w(l) = 5 + 501*l + 504*l + 7 - 1009*l. Give w(7).
-16
Let m = -34 + 37. Let f(l) = l - 2 - 2 + m + 19*l**2 - 22*l**2. Let b(q) = q**3 - 5*q**2 + 3*q - 14. Let d be b(5). Determine f(d).
-3
Let k(g) = -g**2 - 7*g + 7. Suppose -619 = 65*q + 31. Give k(q).
-23
Let p(z) = z**3 - 39*z - 83. Let b be p(7). Let q(x) = -2*x + 24. Calculate q(b).
50
Let w(j) be the third derivative of -j**8/6720 - j**7/2520 + j**6/720 + j**5/40 + 2*j**4 + 2*j**2 - 7*j. Let n(c) be the second derivative of w(c). Give n(2).
-7
Let l(f) = -9929 + 9929 - f. Give l(-5).
5
Let a(s) = 8*s - 5*s - 7*s + 4*s - s**3 + 6 + 6*s. Let q = 0 + -1. Let r be a(q). Let o(l) = -5*l**2 + 1. Calculate o(r).
-4
Let f(r) be the first derivative of -r**4/2 - 5*r**3/3 - 2*r**2 + 491. Determine f(-4).
64
Let x(n) be the first derivative of -n**3/6 - 3*n**2/2 - 20*n + 18. Let m(g) be the first derivative of x(g). Suppose -4 - 2 = 2*y. What is m(y)?
0
Let l(v) be the second derivative of -v**4/6 + v**3/6 + 22*v**2 - 8877*v. What is l(0)?
44
Suppose -o = 2*x + x + 7, -2*x + 2 = 2*o. Suppose -3*z + 0*d + 567 = 3*d, 2*d - 954 = -o*z. Let q(k) = 3*k - z - 2*k + 195. Determine q(-3).
0
Let b = -11903 - -11906. Let w(g) = 39*g - 122. Determine w(b).
-5
Let t(q) = -5*q - 21. Suppose -3 = 4*w + 13. Let y be t(w). Let x(i) = -29*i. Give x(y).
29
Let y(k) = -k + 1. Let a be y(2). Suppose -5*t = 0, -5*r - 20*t + 100 = -24*t. Let x(w) = 2*w - 7 - 7 + r + w - 5. Calculate x(a).
-2
Let n = -16 + 8. Let t = 491 + -489. Let i(j) = -27*j**3 - 24*j**2 + 18*j + 31. Let z(r) = 5*r**3 + 5*r**2 - 4*r - 6. Let c(p) = t*i(p) + 11*z(p). What is c(n)?
-4
Let i(j) = -7*j**3 + 17*j**2 + 7*j + 4. Let k(f) = f**3 - 2*f**2 - f - 1. Let b(m) = i(m) + 6*k(m). Suppose 24*r = 22*r - 34. Let g = -12 - r. Give b(g).
3
Let j(r) = -r**2 + 7*r + 4. Suppose 279 = 23*n - 250. Suppose 3 - n = -5*l. What is j(l)?
16
Let s(l) = l + 2. Suppose -2*i + 2 = -i. Let n(w) = -69*w + 692. Let j be n(10). Suppose -2*x - 8 = 0, 4*x - i*x = -j*k + 2. Determine s(k).
7
Let m(z) = -3*z + 11 + 5*z - 4. Suppose 2*y = -a + 35, -2*y = -5*y + 3*a + 57. Suppose 0 = 2*x + 2*w + y, -w - 21 = 3*x - 0*w. Calculate m(x).
-5
Let s(t) be the third derivative of 1/6*t**3 + 0 + 0*t + 26*t**2 + 5/12*t**4. Let d(u) = u**3 + 6*u**2 + 4*u - 6. Let h be d(-5). Give s(h).
-9
Let n(q) = -8*q**3 + q - 2. Let y(u) = -2 + u**3 - 6 + 12 - 3. Let z(o) = n(o) + 4*y(o). Calculate z(-2).
32
Suppose 9*z - 6 = 6*z. Let h be 8*2/(8/z). Let i be 3/(12/h) + 0. Let m(d) = 19*d**2 + d. Calculate m(i).
20
Let b(j) = -j**2 + 2*j + 2*j**2 - 9130 + 9118. Determine b(6).
36
Let y be 8 + -2*(30/12 + 0). Suppose -3*x + y*q + 27 = -6*x, 0 = 5*x - 3*q + 53. Let p(d) = d + 15. Calculate p(x).
5
Let i(d) = 2*d**2 - 34*d + 89. Let v be i(3). Suppose 5*b - 92 = -v*q - 17, -5*q - 3*b = -65. Let c(n) = n**2 - 9*n - 12. What is c(q)?
-2
Let r(q) = -q**3 + 2*q**2 + 2*q + 3. Let x be r(0). Suppose x*o - z = 41, 3*o - 6*z = -2*z + 56. Let g(h) = -3*h + 49 - 18 - o + 2*h**2 - 16. Determine g(2).
5
Let d(k) be the third derivative of k**5/60 - k**4/24 - 13*k**3/3 - 8*k**2 + 2. Let g(w) be the first derivative of d(w). Let n = -8 - -11. Calculate g(n).
5
Let d(g) = -g + 5. Let k = -165 - -181. Suppose -5*h - 14 - k = 0. What is d(h)?
11
Let s(u) = -2 + 4 + 4*u - 3*u. Suppose 3*w - 21 = 52*o - 49*o, 0 = -3*o - w - 5. What is s(o)?
-1
Let k(j) = 3*j + 31. Suppose s + 23 = 3*w, -160*w = -5*s - 155*w - 85. Determine k(s).
-11
Let g(c) be the first derivative of 14/3*c**3 + c + 13 - 1/2*c**2. Let x(l) = -l**3 - 8*l**2 + 7*l - 17. Let a be x(-9). What is g(a)?
14
Let l(a) = -28 + a**2 - 6*a - 12*a + 5*a. Let v be l(15). Suppose 19 = -3*w + v*p, -8*p + 5 = 5*w - 4*p. Let z(o) = 2*o**2 + 4*o - 1. Determine z(w).
5
Let n(w) = -w**2 + 4*w - 3. Let f = -47 + 85. Let t = 66 - f. Suppose 0 = -3*r + t - 13. Give n(r).
-8
Let q(c) = -24*c. Let p(i) = 2*i**2 + 13*i - 8. Let j be p(-7). What is q(j)?
24
Let u(r) = -r**3 - 5*r**2 - r + 4. Let n(a) = a + 11. Let j be n(-8). Let l(m) = j*m + m**3 - m - 2*m**2 - 5 - 4*m - 6*m. Let x be l(4). Determine u(x).
9
Let r(c) = 5 + 5 + 6*c - 23179*c**2 + 23177*c**2. Give r(6).
-26
Let h(k) = 4*k - k**3 + k**2 + 8*k**2 - k - 2*k - k**2. Let a(i) = i**3 - 4*i**2 + 7*i - 4. Let v be a(3). Give h(v).
8
Let w(r) = -932*r**2 - 1 - 6*r + 0 + 933*r**2. Let g = 23 + -19. What is w(g)?
-9
Let v(a) = -4*a**2 + 2*a - 44. Let f = -12287 + 12287. What is v(f)?
-44
Let r be -2 - 24/(-10) - (-2180)/50. Suppose -r = 3*i + 100. Let l = i + 39. Let y(g) = g**3 + 10*g**2 + 10*g + 11. Give y(l).
2
Suppose 0 = 52*b - 36*b - 32. Let w(l) = 8*l**2 - 1. Give